{"id":185,"date":"2021-04-28T08:04:02","date_gmt":"2021-04-28T08:04:02","guid":{"rendered":"https:\/\/braintrain.hakhorn.ac.at\/?page_id=185"},"modified":"2025-05-08T11:12:01","modified_gmt":"2025-05-08T11:12:01","slug":"verwaltung-assistenz-der-geschaeftsleitung","status":"publish","type":"page","link":"https:\/\/braintrain.by.hakhorn.ac.at\/?page_id=185","title":{"rendered":"Assistenz der Gesch\u00e4ftsleitung"},"content":{"rendered":"\n<p>Die Aufgaben der Abteilung sind unter Anderem die Verwaltung von Post und E-Mails, aber auch die Beschaffung des B\u00fcromaterials und das Organisieren von Besuchen anderer Sch\u00fcler*innen. Ein weiterer Aufgabenbereich der Assistenz der Gesch\u00e4ftsleitung ist das Qualit\u00e4tsmanagement.<\/p>\n\n\n<div class=\"wp-block-image\">\n<figure class=\"aligncenter size-large is-resized\"><img loading=\"lazy\" decoding=\"async\" width=\"922\" height=\"569\" src=\"http:\/\/braintrain.by.hakhorn.ac.at\/wp-content\/uploads\/2021\/12\/image-8.png\" alt=\"\" class=\"wp-image-444\" style=\"width:528px;height:auto\" srcset=\"https:\/\/braintrain.by.hakhorn.ac.at\/wp-content\/uploads\/2021\/12\/image-8.png 922w, https:\/\/braintrain.by.hakhorn.ac.at\/wp-content\/uploads\/2021\/12\/image-8-300x185.png 300w, https:\/\/braintrain.by.hakhorn.ac.at\/wp-content\/uploads\/2021\/12\/image-8-768x474.png 768w\" sizes=\"auto, (max-width: 922px) 100vw, 922px\" \/><\/figure>\n<\/div>","protected":false},"excerpt":{"rendered":"<p>Die Aufgaben der Abteilung sind unter Anderem die Verwaltung von Post und E-Mails, aber auch die Beschaffung des B\u00fcromaterials und das Organisieren von Besuchen anderer Sch\u00fcler*innen. Ein weiterer Aufgabenbereich der Assistenz der Gesch\u00e4ftsleitung ist das Qualit\u00e4tsmanagement.<\/p>\n","protected":false},"author":2,"featured_media":0,"parent":74,"menu_order":2,"comment_status":"closed","ping_status":"closed","template":"","meta":{"footnotes":""},"class_list":["post-185","page","type-page","status-publish","hentry"],"_links":{"self":[{"href":"https:\/\/braintrain.by.hakhorn.ac.at\/index.php?rest_route=\/wp\/v2\/pages\/185","targetHints":{"allow":["GET"]}}],"collection":[{"href":"https:\/\/braintrain.by.hakhorn.ac.at\/index.php?rest_route=\/wp\/v2\/pages"}],"about":[{"href":"https:\/\/braintrain.by.hakhorn.ac.at\/index.php?rest_route=\/wp\/v2\/types\/page"}],"author":[{"embeddable":true,"href":"https:\/\/braintrain.by.hakhorn.ac.at\/index.php?rest_route=\/wp\/v2\/users\/2"}],"replies":[{"embeddable":true,"href":"https:\/\/braintrain.by.hakhorn.ac.at\/index.php?rest_route=%2Fwp%2Fv2%2Fcomments&post=185"}],"version-history":[{"count":7,"href":"https:\/\/braintrain.by.hakhorn.ac.at\/index.php?rest_route=\/wp\/v2\/pages\/185\/revisions"}],"predecessor-version":[{"id":1164,"href":"https:\/\/braintrain.by.hakhorn.ac.at\/index.php?rest_route=\/wp\/v2\/pages\/185\/revisions\/1164"}],"up":[{"embeddable":true,"href":"https:\/\/braintrain.by.hakhorn.ac.at\/index.php?rest_route=\/wp\/v2\/pages\/74"}],"wp:attachment":[{"href":"https:\/\/braintrain.by.hakhorn.ac.at\/index.php?rest_route=%2Fwp%2Fv2%2Fmedia&parent=185"}],"curies":[{"name":"wp","href":"https:\/\/api.w.org\/{rel}","templated":true}]}}