{"id":179,"date":"2021-04-28T08:00:48","date_gmt":"2021-04-28T08:00:48","guid":{"rendered":"https:\/\/braintrain.hakhorn.ac.at\/?page_id=179"},"modified":"2025-05-08T11:14:22","modified_gmt":"2025-05-08T11:14:22","slug":"weiterbildungsmanagement","status":"publish","type":"page","link":"https:\/\/braintrain.by.hakhorn.ac.at\/?page_id=179","title":{"rendered":"Profitcenter Bildungsmanagement"},"content":{"rendered":"\n<p>In der Abteilung Profitcenter Bildungsmanagement unterst\u00fctzen wir die Sch\u00fclerInnen der Schule, indem wir verschiedene Lernangebote (Nachhilfe, F\u00f6rderkurse) und Seminare f\u00fcr andere \u00dcFAs planen und organisieren.<\/p>\n\n\n\n<p>Wir bieten eine angenehme Lernumgebung in den R\u00e4umen der Schule und testen Lernsoftwares, die dann im Unterricht eingesetzt werden k\u00f6nnen. Damit wir mit den Angeboten immer m\u00f6glichst nah an den Bed\u00fcrfnissen der Sch\u00fclerInnen sind, f\u00fchren wir regelm\u00e4\u00dfig Erhebungen zu den Lernangeboten durch.<\/p>\n\n\n<div class=\"wp-block-image\">\n<figure class=\"aligncenter size-large is-resized\"><img loading=\"lazy\" decoding=\"async\" width=\"501\" height=\"291\" src=\"http:\/\/braintrain.by.hakhorn.ac.at\/wp-content\/uploads\/2021\/12\/image-7.png\" alt=\"\" class=\"wp-image-442\" style=\"width:583px;height:339px\" srcset=\"https:\/\/braintrain.by.hakhorn.ac.at\/wp-content\/uploads\/2021\/12\/image-7.png 501w, https:\/\/braintrain.by.hakhorn.ac.at\/wp-content\/uploads\/2021\/12\/image-7-300x174.png 300w\" sizes=\"auto, (max-width: 501px) 100vw, 501px\" \/><\/figure>\n<\/div>","protected":false},"excerpt":{"rendered":"<p>In der Abteilung Profitcenter Bildungsmanagement unterst\u00fctzen wir die Sch\u00fclerInnen der Schule, indem wir verschiedene Lernangebote (Nachhilfe, F\u00f6rderkurse) und Seminare f\u00fcr andere \u00dcFAs planen und organisieren. Wir bieten eine angenehme Lernumgebung in den R\u00e4umen der Schule und testen Lernsoftwares, die dann im Unterricht eingesetzt werden k\u00f6nnen. Damit wir mit den Angeboten immer m\u00f6glichst nah an den &hellip; <\/p>\n","protected":false},"author":2,"featured_media":0,"parent":74,"menu_order":5,"comment_status":"closed","ping_status":"closed","template":"","meta":{"footnotes":""},"class_list":["post-179","page","type-page","status-publish","hentry"],"_links":{"self":[{"href":"https:\/\/braintrain.by.hakhorn.ac.at\/index.php?rest_route=\/wp\/v2\/pages\/179","targetHints":{"allow":["GET"]}}],"collection":[{"href":"https:\/\/braintrain.by.hakhorn.ac.at\/index.php?rest_route=\/wp\/v2\/pages"}],"about":[{"href":"https:\/\/braintrain.by.hakhorn.ac.at\/index.php?rest_route=\/wp\/v2\/types\/page"}],"author":[{"embeddable":true,"href":"https:\/\/braintrain.by.hakhorn.ac.at\/index.php?rest_route=\/wp\/v2\/users\/2"}],"replies":[{"embeddable":true,"href":"https:\/\/braintrain.by.hakhorn.ac.at\/index.php?rest_route=%2Fwp%2Fv2%2Fcomments&post=179"}],"version-history":[{"count":7,"href":"https:\/\/braintrain.by.hakhorn.ac.at\/index.php?rest_route=\/wp\/v2\/pages\/179\/revisions"}],"predecessor-version":[{"id":1167,"href":"https:\/\/braintrain.by.hakhorn.ac.at\/index.php?rest_route=\/wp\/v2\/pages\/179\/revisions\/1167"}],"up":[{"embeddable":true,"href":"https:\/\/braintrain.by.hakhorn.ac.at\/index.php?rest_route=\/wp\/v2\/pages\/74"}],"wp:attachment":[{"href":"https:\/\/braintrain.by.hakhorn.ac.at\/index.php?rest_route=%2Fwp%2Fv2%2Fmedia&parent=179"}],"curies":[{"name":"wp","href":"https:\/\/api.w.org\/{rel}","templated":true}]}}